isor of z and 33.
3
Let w(g) = -2*g + 24. Let a be ((-20)/40)/(1/(-22)). Let u be w(a). Suppose 562 = u*l - 68. Calculate the highest common divisor of l and 35.
35
Suppose 0 = -5*x - 25, -3*b - 78 = -x - 2*x. Let h = -61 - b. Let p = 31 + h. Calculate the highest common factor of 1 and p.
1
Let z(r) = -2*r - 6*r - 1 + r**2 + 10 + 1. Let v be z(8). Let k = 1054 + -1024. What is the highest common divisor of v and k?
10
Suppose -17487 + 23851 = 18*t - 47996. Calculate the greatest common divisor of 8 and t.
4
Let s be (-78)/(-8) - 175/(-140) - 3. Suppose k = -2*i + 50, -s*k + i + 85 = -6*k. What is the highest common divisor of 308 and k?
44
Let h(q) = -q**3 - 12*q**2 - 21*q - 8. Let t be h(-10). Suppose -2*k + 36 = t. What is the highest common factor of 17 and k?
17
Let r(s) = -s**2 + 3*s - 3. Let u be r(2). Let f be (-1937)/(-26) - u/2. Let y be 7/21*-6*30/(-4). What is the highest common divisor of y and f?
15
Let r be (-195)/10*(-4)/6. Suppose -20 + 8 = -6*u. Let m be u/(-6)*0 + (-325)/(-5). Calculate the highest common factor of r and m.
13
Let k(t) = -t**3 - 3*t**2 + 24*t + 64. Let b be k(-12). Calculate the highest common divisor of 16 and b.
16
Let d = 210 + -164. Let k(z) = -2*z**3 - 113*z**2 - 60*z + 75. Let c be k(-56). Calculate the highest common divisor of c and d.
23
Let z(t) = 2*t - 21. Let y be z(13). Suppose y*f - 184 = 81. Suppose 4*m + h - 27 - f = 0, 2*h = 0. What is the greatest common divisor of 180 and m?
20
Suppose 2*t = -j + 6, 3*t - 14 = -0*t - 4*j. Let q be (-62)/(-6) + ((-220)/33)/(-10). Let m = q + 3. What is the highest common factor of m and t?
2
Let i = 28 + 6. Let c = i - 27. Suppose 84 = c*z - 5*z. Calculate the highest common factor of z and 28.
14
Let z be (84/98)/(1/(-7)) + (-56914)/(-11). Calculate the highest common divisor of z and 114.
38
Let r = -9717 + 10325. What is the greatest common divisor of 160 and r?
32
Let f = -10228 - -10254. Calculate the greatest common factor of 15262 and f.
26
Let i(j) = 3*j**2 + 67*j - 368. Let p be i(5). What is the greatest common divisor of 63 and p?
21
Suppose -b + 3*v = -716, 0 = -4*b - 5*v + 1014 + 1816. What is the greatest common factor of b and 142?
142
Let x = -9 + 5. Let l(i) = 170*i - 166. Let z be l(1). Let n be x - ((-253)/z - (-24)/(-32)). Calculate the highest common factor of 90 and n.
30
Let v be -20*52/(-4)*2. Let x = v - 280. What is the highest common factor of x and 48?
48
Let f(d) = -2*d - 6. Let z be f(-4). Let q(c) = 46*c - 12. Let l be q(z). Let j be (-6)/(2*(-18)/l)*21. What is the greatest common factor of 40 and j?
40
Suppose -17*y + 276 = 5*a - 19*y, 5*a + 5*y = 290. What is the highest common factor of a and 136?
8
Suppose 64*n = 5*i + 62*n - 492, 0 = 2*i - 2*n - 192. What is the greatest common divisor of 1225 and i?
25
Let v(j) = 10*j + 98. Let s be v(-7). Let o = -23 - -44. Calculate the highest common divisor of o and s.
7
Suppose -5*i = -424*u + 422*u + 16151, -11*i + 33 = 0. Calculate the highest common divisor of 118 and u.
59
Let y(x) = -x**2 + 8*x + 22. Let p be y(-2). Calculate the highest common divisor of p and 8.
2
Suppose 12*x = 16*x - 3*k - 16485, -28941 = -7*x - 5*k. Calculate the highest common divisor of x and 384.
96
Let s(w) = -3*w**2 - 28*w + 7. Let m be s(-9). Let z be 2/(-5) - (-36)/15. Let o be -3 + z + (-17)/(-1). What is the greatest common factor of o and m?
16
Let h be (32/48)/((-3)/(-243)). Let j(r) = -51*r - 6. Let b be j(-4). What is the greatest common divisor of h and b?
18
Let g = 4133 - 1213. Let t be (-18)/(-21) - g/(-7). What is the highest common divisor of 38 and t?
38
Let r = 4287 + -4278. Calculate the highest common factor of 2097 and r.
9
Suppose 5*n + 2*f - 500 = 7, -4*n = 4*f - 408. What is the greatest common divisor of n and 27?
1
Suppose -6*l + 2 = -34. Suppose l*v - 2*v - q = -99, -5*v + q - 123 = 0. Let p be (10/4)/((-10)/v). Calculate the greatest common factor of 6 and p.
6
Let a = 7382 - 7256. What is the highest common factor of a and 2702?
14
Let t = 133 - 44. Suppose 3*u - 272 = -b, -16*u - 2*b = -15*u - t. Suppose -4 = -4*g - 0*g, 5*g = -5*q + 70. What is the highest common divisor of q and u?
13
Suppose -4*f + 0 = -8. Suppose 0 = f*q + 2*q - 768. Let u(g) = 13*g - 41. Let s be u(5). What is the greatest common factor of q and s?
24
Let q be (-10)/(-45) - 1167*(-204)/324. Calculate the greatest common divisor of q and 1295.
35
Let f(w) = -w**3 - 25*w**2 - 24*w + 25. Let y be f(-24). Let z = y + -18. Calculate the greatest common factor of z and 112.
7
Let o = -54 + 123. Let q(h) = -63*h + 3992. Let k be q(63). Calculate the highest common factor of o and k.
23
Let c = 6 - -29. Suppose -25*a - 340 = -c*a. Calculate the greatest common factor of a and 102.
34
Suppose 95*a - 1092 - 4228 = 0. Calculate the highest common factor of a and 1016.
8
Suppose -3*z + 12 = -5*c, c = -z - c + 4. Let i be 5 + 4/(-8)*z. Let x be -8 + 12/i + 64. What is the greatest common divisor of x and 40?
20
Suppose -3*c - 738 - 924 = -3*p, 0 = -p - 5*c + 578. What is the highest common factor of p and 144?
18
Let u be 9/2*8/6. Suppose 0 = -511*p + 507*p + 2*z + 194, 0 = -4*p + 4*z + 220. What is the greatest common factor of p and u?
6
Suppose 3*h + 10*q = 14*q + 1868, 0 = h - 4*q - 620. Calculate the highest common divisor of h and 442.
26
Suppose -78 = 5*m - 3*g + 2*g, m + 3*g = -6. Let c be (-4)/(-3) + (-160)/m. Calculate the highest common factor of c and 180.
12
Suppose -4*s - 20 - 4 = 0, 546 = 5*y + 4*s. Calculate the highest common divisor of y and 15333.
57
Let l be (-2 + -3)/((-2 - -10) + 731/(-86)). Calculate the greatest common factor of l and 515.
5
Suppose 2*t + 1019 = a, 3*t = -4*a + 2271 + 1772. Calculate the greatest common factor of 1 and a.
1
Let u be (-74)/(-7) - (-56)/(-98). Let d be 2*(-8)/40 - (-404)/u. Suppose -3*y + 32 = y. What is the greatest common factor of y and d?
8
Suppose -8*n + 1130 = 50. Calculate the highest common factor of 7668 and n.
27
Suppose 0 = -5*c - 5*r + 35, 4*c + 12 = -0*c + 4*r. Suppose -5*i - c = -27. Let y be -2 - 65/(-40) - (-6792)/192. What is the highest common factor of i and y?
5
Let f(q) = -5*q - 2*q**3 + q**3 - 4*q**2 + q + 44 - 54. Let s be f(-5). Let c = s + 37. What is the greatest common factor of c and 24?
24
Suppose 6228 = 232*k - 212*k - 3432. Calculate the greatest common factor of k and 1794.
69
Let b(d) = 2*d**2 - 71*d + 467. Let p be b(32). What is the greatest common divisor of 216 and p?
27
Suppose 5*s = 5*f + 9535, 2*s - 39*f - 3823 = -34*f. Calculate the highest common factor of s and 168.
56
Let b be 27*7 + -1 + -1. Let v = 225 + -77. Let w = v - 131. Calculate the greatest common divisor of w and b.
17
Let u(t) = t**3 + 24*t**2 - 81*t + 34. Let c be u(-27). What is the greatest common divisor of 782 and c?
34
Let x(z) = z**3 + z**2 - z + 12. Let y be x(0). Suppose 5*p - 5*d = 25, 5*p + y = 2*d + 43. Calculate the greatest common divisor of p and 7.
7
Suppose -11*o + 13*o - 4*m - 6 = 0, -2*m - 13 = -3*o. Let k(y) = 2*y**3 + y**2 - 6*y - 3. Let g be k(o). Calculate the greatest common factor of g and 22.
22
Let r(x) = -6*x**3 - 70*x**2 - 644*x - 45. Let f be r(-10). Calculate the highest common factor of 13 and f.
13
Let t(f) = f**2 - f + 189. Let m be t(0). Let z = -24067 + 24121. What is the highest common divisor of z and m?
27
Let g be 395/6 - ((-57)/18)/19. What is the highest common divisor of 15 and g?
3
Let h be 3*((-34)/(-3))/2. Let v = 9500 - -3560. Let f be v/70 + 6/14. What is the greatest common factor of f and h?
17
Let n = -5219 - -5453. Calculate the highest common factor of n and 2054.
26
Let w(l) = 25*l**2 - 618*l - 30. Let j be w(25). Calculate the highest common factor of j and 30.
5
Let i(h) = h**3 - 19*h**2 + 20*h - 7. Let k be i(18). Suppose 28*g + 75 = k*g + 3*o, -2*g - 3*o = -150. What is the greatest common divisor of 300 and g?
75
Suppose 5*p - 3*u - 789 = 0, 13*u - 12*u - 777 = -5*p. Calculate the greatest common divisor of 260 and p.
52
Let q be (96/(-80))/((-2)/((-20)/(-3))). Suppose q*t - 22 - 138 = 0. Calculate the highest common divisor of 80 and t.
40
Let i be (-5)/(-3)*(15 + 3). Suppose x + h = i, 5*x + 3*h = 8*h + 110. Calculate the highest common factor of 26 and x.
26
Let a = -461 - -790. Suppose 7